 8 + 4, -5*z - w + 43 = 0. Calculate the remainder when 485 + 4/z + 22/(-4) is divided by 13.
12
Suppose 3*b + 5*i - 226 = -159, 46 = 2*b + 4*i. Calculate the remainder when 4284 is divided by b.
9
Suppose -4*t - 3*z + 479 = 0, 0*t - 5*z = -2*t + 259. Suppose -t = 6*f - 188. Calculate the remainder when 38 is divided by f.
5
Let l(j) = 536*j + 3534. What is the remainder when 886 is divided by l(-6)?
250
Let u(j) = -108*j + 83. What is the remainder when u(-8) is divided by 164?
127
Let q(i) = 8*i + 2. Suppose -130 + 1297 = 3*p. Let h = -337 + p. What is the remainder when h is divided by q(2)?
16
Let j = -122 + 213. Let x(w) = -w**2 - 18*w - 60. What is the remainder when j is divided by x(-10)?
11
Let v = 0 + 1. Suppose 3*s + 5 = -h, -2*h = -44*s + 47*s - 8. What is the remainder when 2 + 61/1 + v is divided by h?
12
Let v(u) be the second derivative of -8*u**3/3 + 24*u**2 + 10*u + 2. What is the remainder when v(-7) is divided by 9?
7
Let y(b) = -3*b - 8. Let z be y(-13). Suppose -183 = 28*h - z*h. Let l = h + -58. What is the remainder when 17 is divided by l?
2
What is the remainder when ((-43710)/558)/(5/(-27)) is divided by 160?
103
Calculate the remainder when 972 is divided by 2 - (6 + 255)*(8/(-6) - -1).
82
Let u = -1205 + 1736. Suppose 108 - u = -9*s. Let g = 53 + s. Calculate the remainder when g is divided by 34.
32
Let l = -4611 + 4829. What is the remainder when l is divided by 66?
20
Let t be (-24)/((-384)/(-20)) + 38/(-8). Suppose 6*l = 3*l - 3. What is the remainder when ((-4)/t)/(l/(-702)*6) is divided by 16?
14
Suppose -v = 3*v + 64. What is the remainder when 91 is divided by (-4)/v + ((-131)/(-4) - 0)?
25
Let l(v) = -20 - 5*v**2 - 6*v**2 + 20*v - 22 + 10*v**2. Calculate the remainder when 144 is divided by l(13).
46
Suppose 26*q + 3*r = 2498, -q + 39*r = 34*r - 137. Calculate the remainder when 1373 is divided by q.
15
Suppose -m = 27*m - 1288. Suppose -m*k = -43*k - 270. What is the remainder when k is divided by 76?
14
Let v(m) = -130*m + 29. Let z(x) = -259*x + 58. Let q(k) = -13*v(k) + 6*z(k). Calculate the remainder when 229 is divided by q(1).
15
Let j = -12705 - -13385. Calculate the remainder when j is divided by 178.
146
Let x = -16 + 28. What is the remainder when ((-100225)/4220)/((-20)/48) is divided by x?
9
Let z(a) = 4*a + 161 - a + 4*a + 4*a. What is the remainder when 74 is divided by z(-11)?
34
Let q be 5 + -1 - (-4 - 3)/7. Suppose 2*i + q*b - 27 = 0, 4*i - 72 = b - 29. What is the remainder when 35 is divided by i?
2
Let p(i) = 4*i + 15. Let x be p(-6). Let b be ((-3)/(-3))/(x/54). Let v(l) = l**3 + 9*l**2 + 13*l + 9. What is the remainder when v(b) is divided by 10?
9
Let p = -10099 - -10126. What is the remainder when 1320 is divided by p?
24
Let o(u) = -u**3 + 24*u**2 - 102*u + 39. What is the remainder when 1884 is divided by o(7)?
146
Suppose -3*w = -2*c - 21689, -18*w + 16*w + 14429 = 3*c. Calculate the remainder when w is divided by 13.
10
Let w be -2 + -127 - ((-20)/(-5))/(-4). Let u = 635 + -626. What is the remainder when w/(-3) + -1 + (-13)/(-39) is divided by u?
6
Let r(g) = 14*g - 83. Let c(u) = -39*u + 248. Let v(m) = 6*c(m) + 17*r(m). Calculate the remainder when v(0) is divided by 27.
23
Let x(v) = 168*v + 3160. Calculate the remainder when 192 is divided by x(-18).
56
Let n(k) = -1291*k + 7883. Calculate the remainder when 377 is divided by n(6).
103
Suppose 24*l - 316 = 260. Calculate the remainder when 162 is divided by l.
18
Let s(x) = 4*x**2 + 4*x - 3. Suppose 294 - 238 = 3*u - 5*l, -5*u + 108 = -l. Calculate the remainder when s(-9) is divided by u.
21
Let z(p) be the third derivative of -7*p**4/24 - 9*p**3 - 13*p**2. Let i(l) = -l**2 - 8*l + 10. What is the remainder when z(-8) is divided by i(-9)?
0
Suppose 404*f - 419*f + 6660 = 0. Calculate the remainder when f is divided by 64.
60
Suppose 44*j = -96*j + 61320. What is the remainder when j is divided by 39?
9
Let k = 18979 + -18973. Calculate the remainder when 5320 is divided by k.
4
Let z(j) be the third derivative of j**5/60 + 11*j**4/24 - 52*j**3/3 - j**2 - 43*j. What is the remainder when 82 is divided by z(-18)?
16
Suppose 164 = 3*b + 101. Suppose 3024 = b*l - 1176. What is the remainder when l is divided by 34?
30
Let u(v) = -2*v**3 - 25*v**2 + 8*v - 45. What is the remainder when 650 is divided by u(-13)?
10
Calculate the remainder when 528 is divided by ((-32)/(-16) - -4) + 121.
20
Suppose 4*s = 28 + 8. Suppose -2*p + 14 - 14 = 0. Let m(h) = -h**3 + 3*h**2 - h + 67. Calculate the remainder when m(p) is divided by s.
4
Let a be (-276 + 0)/3 + (5 - 0). Let j = -75 - a. Suppose -2*z + 12 = -2*r - 24, 5*z + r = 102. Calculate the remainder when z is divided by j.
8
Suppose 4*t + 3*j - 373 = -214, 5*t - 213 = j. Calculate the remainder when 2182 is divided by t.
40
Suppose -129*x + 188182 = -31*x - 9582. What is the remainder when x is divided by 92?
86
Suppose -3607*y - 336 = -3635*y. Let h(o) = 2*o**2 + 8*o - 2. Calculate the remainder when h(-6) is divided by y.
10
Suppose 90*h = 49*h + 7093. Calculate the remainder when 183 is divided by h.
10
Suppose -3605 = -70*t + 35. What is the remainder when t is divided by (-238)/(-12) - (-3)/18?
12
Suppose 0 = g + 3*o + 162 - 309, -3*o + 606 = 4*g. What is the remainder when 1388 is divided by g?
11
Let n = -515 + 592. Suppose -5*b + 87 = -n*z + 81*z, 3*z = 3*b - 36. Calculate the remainder when 84 is divided by b.
9
Let y = -27810 + 31939. What is the remainder when y is divided by 47?
40
Let k be (0 - -4)/((-2)/(-2)). Let v = 5373 + -5365. What is the remainder when (-8)/6*(-66)/k is divided by v?
6
Let b(f) = -5*f**3 - 4*f**2 + 2*f - 3. Let z be b(2). Let p = -14 + z. Let s = 82 + p. Calculate the remainder when 19 is divided by s.
6
Suppose 6*z - 22*z = -416. Let a be 30/(-15) - (-24 - 0). Suppose -4*t - 50 = -5*f, 3*f = 3*t + t + a. What is the remainder when z is divided by f?
12
Let d = 3704 + -3551. Calculate the remainder when 302 is divided by d.
149
Let x be 316/(-52) - (-16)/208. Let h(v) = -36*v - 156. Calculate the remainder when h(x) is divided by 19.
3
Suppose -3*p + 5*j + 114 = 0, 0 = p + 11*j - 185 + 71. What is the remainder when 188 is divided by p?
44
Let c = 10050 - 5781. Calculate the remainder when c is divided by 19.
13
Suppose 18*o = -17*o + 3368 - 43. Let f be -2 + 72/(2 - 3). Let m = o + f. What is the remainder when 124 is divided by m?
19
Let x(l) = 34*l + 313. Let h = 11 + -7. Let g = 6 - h. What is the remainder when x(-9) is divided by g?
1
Let b = -104 - -108. Suppose -2*q = -5*j - 135, -j - 192 = -b*q + 69. Suppose -l - 60 = -q. What is the remainder when 18 is divided by l?
3
Suppose 16*x - 355 = -35. Suppose 3*b - 2*j = -4*j + 110, -3*j = 4*b - 147. Let n = b - -1. What is the remainder when n is divided by x?
17
Let i = -20 - -29. Suppose 2*o = -153*c + 157*c + 332, 7*c = -56. What is the remainder when o is divided by i?
6
Let h(i) = 146*i + 17278. Calculate the remainder when h(-82) is divided by 883.
8
Let g(i) = i**2 + 3*i - 34. Let s be g(-7). What is the remainder when 55 is divided by -5 + (-2)/s + 336/18?
13
Let k = -2069 - -2082. What is the remainder when 242 is divided by k?
8
Suppose 387*k + 141 = 2*o + 390*k, -2*k = 2*o - 140. Calculate the remainder when 392 is divided by o.
47
Suppose -8*f - 3322 + 626 = 0. Let q = -263 - f. Calculate the remainder when q is divided by 7.
4
Suppose 3*b + g - 13 = 0, -2 = -2*b + 23*g - 25*g. Suppose -2*j = -v - 67, b = 3*v - v. What is the remainder when 59 is divided by j?
24
Let g = 2046 - 1874. What is the remainder when g is divided by 33?
7
Let d = 218 - 325. Let i = d - -238. Suppose i = 5*g - 64. Calculate the remainder when 155 is divided by g.
38
Let m(i) = -16*i + 131. Let j = -16 + 19. Suppose -6*v = -j*v - 9. What is the remainder when v is divided by m(8)?
0
Let z = 84 - 36. Suppose -a - 8 = -z. Calculate the remainder when -157*(-2)/4*2 is divided by a.
37
Suppose -26*x + 21*x = -a + 456, -3*a = -x - 1368. Suppose 15*p = 54 + a. Calculate the remainder when 86 is divided by p.
18
Calculate the remainder when 7251 is divided by 11/((8 + -11)/(-9)) - 2.
28
Let w(f) = 83*f + 28. Suppose 46*h = 54*h - 16. What is the remainder when w(h) is divided by 38?
4
Let j(h) = -14*h**3 - h*